{"id":61,"date":"2016-05-03T12:35:39","date_gmt":"2016-05-03T10:35:39","guid":{"rendered":"http:\/\/www.joga.invedia.hekko24.pl\/?page_id=61"},"modified":"2026-04-03T13:30:29","modified_gmt":"2026-04-03T11:30:29","slug":"grafik","status":"publish","type":"page","link":"https:\/\/www.joga-lubin.pl\/index.php\/grafik\/","title":{"rendered":"Grafik"},"content":{"rendered":"<p><\/p>\n<p><\/p>\n<p><\/p>\n<p>Zaj\u0119cia odbywaj\u0105 si\u0119 pod warunkiem zebrania minimum trojga uczestnik\u00f3w.<\/p>\n<p><\/p>\n<p><\/p>\n<p>Zaj\u0119cia oznaczone kolorem zielonym s\u0105 dla pocz\u0105tkuj\u0105cych.<\/p>\n<p><\/p>\n<p><\/p>\n<p>PROSIMY O ZAPISANIE SI\u0118 PRZEZ ZAK\u0141ADK\u0118 &#8222;<strong>ZAPISY ONLINE<\/strong>&#8222;<\/p>\n<p><\/p>\n<p><\/p>\n<figure class=\"wp-block-image size-large\"><img loading=\"lazy\" width=\"1024\" height=\"531\" src=\"https:\/\/www.joga-lubin.pl\/wp-content\/uploads\/2026\/04\/GRAFIK-2026-1-1024x531.png\" alt=\"\" class=\"wp-image-2141\" srcset=\"https:\/\/www.joga-lubin.pl\/wp-content\/uploads\/2026\/04\/GRAFIK-2026-1-1024x531.png 1024w, https:\/\/www.joga-lubin.pl\/wp-content\/uploads\/2026\/04\/GRAFIK-2026-1-300x156.png 300w, https:\/\/www.joga-lubin.pl\/wp-content\/uploads\/2026\/04\/GRAFIK-2026-1-768x398.png 768w, https:\/\/www.joga-lubin.pl\/wp-content\/uploads\/2026\/04\/GRAFIK-2026-1.png 1165w\" sizes=\"(max-width: 1024px) 100vw, 1024px\" \/><figcaption><strong>GRAFIK OD 1 STYCZNIA 202<\/strong>6<\/figcaption><\/figure>\n<p><\/p>\n","protected":false},"excerpt":{"rendered":"<p>Zaj\u0119cia odbywaj\u0105 si\u0119 pod warunkiem zebrania minimum trojga uczestnik\u00f3w. Zaj\u0119cia oznaczone kolorem zielonym s\u0105 dla pocz\u0105tkuj\u0105cych. PROSIMY O ZAPISANIE SI\u0118 PRZEZ ZAK\u0141ADK\u0118 &#8222;ZAPISY ONLINE&#8222;<\/p>\n","protected":false},"author":1,"featured_media":0,"parent":0,"menu_order":0,"comment_status":"closed","ping_status":"closed","template":"","meta":{"ngg_post_thumbnail":0,"_links_to":"","_links_to_target":""},"_links":{"self":[{"href":"https:\/\/www.joga-lubin.pl\/index.php\/wp-json\/wp\/v2\/pages\/61"}],"collection":[{"href":"https:\/\/www.joga-lubin.pl\/index.php\/wp-json\/wp\/v2\/pages"}],"about":[{"href":"https:\/\/www.joga-lubin.pl\/index.php\/wp-json\/wp\/v2\/types\/page"}],"author":[{"embeddable":true,"href":"https:\/\/www.joga-lubin.pl\/index.php\/wp-json\/wp\/v2\/users\/1"}],"replies":[{"embeddable":true,"href":"https:\/\/www.joga-lubin.pl\/index.php\/wp-json\/wp\/v2\/comments?post=61"}],"version-history":[{"count":98,"href":"https:\/\/www.joga-lubin.pl\/index.php\/wp-json\/wp\/v2\/pages\/61\/revisions"}],"predecessor-version":[{"id":2143,"href":"https:\/\/www.joga-lubin.pl\/index.php\/wp-json\/wp\/v2\/pages\/61\/revisions\/2143"}],"wp:attachment":[{"href":"https:\/\/www.joga-lubin.pl\/index.php\/wp-json\/wp\/v2\/media?parent=61"}],"curies":[{"name":"wp","href":"https:\/\/api.w.org\/{rel}","templated":true}]}}